{"id":264,"date":"2024-01-05T16:24:42","date_gmt":"2024-01-05T15:24:42","guid":{"rendered":"https:\/\/www.paul-guenther-schule.de\/?page_id=264"},"modified":"2025-04-10T21:13:32","modified_gmt":"2025-04-10T19:13:32","slug":"streitschlichter","status":"publish","type":"page","link":"https:\/\/www.paul-guenther-schule.de\/index.php\/oberschule\/streitschlichter\/","title":{"rendered":"Mediatorenteam"},"content":{"rendered":"<h1>Mediatorenteam<\/h1>\n<p><strong>Das Schulmediatoren-Team der Pauli<\/strong><\/p>\n<p>Was macht das Team? Schaut euch den Film an und erfahrt mehr.<\/p>\n<div style=\"width: 960px;\" class=\"wp-video\"><video class=\"wp-video-shortcode\" id=\"video-264-1\" width=\"960\" height=\"540\" preload=\"metadata\" controls=\"controls\"><source type=\"video\/mp4\" src=\"https:\/\/www.paul-guenther-schule.de\/wp-content\/uploads\/2025\/04\/Unser-Mediatorenteam.mp4?_=1\" \/><a href=\"https:\/\/www.paul-guenther-schule.de\/wp-content\/uploads\/2025\/04\/Unser-Mediatorenteam.mp4\">https:\/\/www.paul-guenther-schule.de\/wp-content\/uploads\/2025\/04\/Unser-Mediatorenteam.mp4<\/a><\/video><\/div>\n<p>Wie wird man Mediator?<\/p>\n<p><a href=\"https:\/\/www.paul-guenther-schule.de\/wp-content\/uploads\/2024\/02\/Mediatorenteam_Jacke_2024_Pauli.png\" target=\"_blank\" rel=\"noopener\"><img loading=\"lazy\" decoding=\"async\" class=\"alignleft wp-image-1060\" src=\"https:\/\/www.paul-guenther-schule.de\/wp-content\/uploads\/2024\/02\/Mediatorenteam_Jacke_2024_Pauli-275x300.png\" alt=\"\" width=\"250\" height=\"273\" srcset=\"https:\/\/www.paul-guenther-schule.de\/wp-content\/uploads\/2024\/02\/Mediatorenteam_Jacke_2024_Pauli-275x300.png 275w, https:\/\/www.paul-guenther-schule.de\/wp-content\/uploads\/2024\/02\/Mediatorenteam_Jacke_2024_Pauli.png 500w\" sizes=\"auto, (max-width: 250px) 100vw, 250px\" \/><\/a>Das Wort <em>Mediation<\/em> kommt aus dem Lateinischen und bedeutet <em>in der Mitte sein<\/em> bzw. <em>vermitteln<\/em>. Fr\u00fcher bekannt unter dem Namen der Streitschlichter, helfen die Sch\u00fclermediatorinnen und Sch\u00fclermediatoren gleichaltrigen Kindern und Jugendlichen bei der <em>Vermittlung in einem Konfliktfall<\/em>.<\/p>\n<p>In einer einj\u00e4hrigen Ausbildung lernen die angehenden Sch\u00fclermediatorinnen und Sch\u00fclermediatoren, wie sie den Prozess einer Mediation selbst gestalten und umsetzen k\u00f6nnen. Sie bekommen ein gutes Gef\u00fchl f\u00fcr den Umgang mit Anderen und tragen somit zu einer positiven Entwicklung des Schulklimas bei. Die Ausbildung wird durch Herrn Richter (Schulsozialarbeiter) begleitet und durchgef\u00fchrt.<\/p>\n<p>Am Ende der Ausbildung steht in der Regel das <em>Streitschlichtercamp<\/em> an, indem die angehenden Sch\u00fclermediatorinnen und Sch\u00fclermediatoren gemeinsam f\u00fcr drei Tage verreisen und einen intensiven Workshop zur Schulmediation absolvieren. Sie erhalten im Anschluss ein <em>Zertifikat<\/em> und k\u00f6nnen danach selbstst\u00e4ndig und ohne Begleitung von Erwachsenen Mitsch\u00fclerinnen und Mitsch\u00fcler meditieren.<\/p>\n<p>Die Schulmediatorinnen und Schulmediatoren treffen sich jeden Mittwoch nach der 6. Stunde bei Herrn Richter (Schulsozialarbeiter) im B\u00fcro und stehen in den Pausen regelm\u00e4\u00dfig zur Verf\u00fcgung.<\/p>\n<p>(Stand: Januar 2024)<\/p>\n","protected":false},"excerpt":{"rendered":"<p>Mediatorenteam Das Schulmediatoren-Team der Pauli Was macht das Team? Schaut euch den Film an und erfahrt mehr. Wie wird man Mediator? Das Wort Mediation kommt aus dem Lateinischen und bedeutet in der Mitte sein bzw. vermitteln. Fr\u00fcher bekannt unter dem Namen der Streitschlichter, helfen die Sch\u00fclermediatorinnen und Sch\u00fclermediatoren gleichaltrigen Kindern und Jugendlichen bei der Vermittlung &hellip;<\/p>\n","protected":false},"author":1,"featured_media":0,"parent":155,"menu_order":0,"comment_status":"closed","ping_status":"closed","template":"","meta":{"footnotes":""},"class_list":["post-264","page","type-page","status-publish","hentry"],"yoast_head":"<!-- This site is optimized with the Yoast SEO plugin v23.7 - https:\/\/yoast.com\/wordpress\/plugins\/seo\/ -->\n<title>Mediatorenteam - Oberschule &amp; Grundschule Paul-Guenther Geithain<\/title>\n<meta name=\"robots\" content=\"index, follow, max-snippet:-1, max-image-preview:large, max-video-preview:-1\" \/>\n<link rel=\"canonical\" href=\"https:\/\/www.paul-guenther-schule.de\/index.php\/oberschule\/streitschlichter\/\" \/>\n<meta property=\"og:locale\" content=\"de_DE\" \/>\n<meta property=\"og:type\" content=\"article\" \/>\n<meta property=\"og:title\" content=\"Mediatorenteam - Oberschule &amp; Grundschule Paul-Guenther Geithain\" \/>\n<meta property=\"og:description\" content=\"Mediatorenteam Das Schulmediatoren-Team der Pauli Was macht das Team? Schaut euch den Film an und erfahrt mehr. Wie wird man Mediator? Das Wort Mediation kommt aus dem Lateinischen und bedeutet in der Mitte sein bzw. vermitteln. Fr\u00fcher bekannt unter dem Namen der Streitschlichter, helfen die Sch\u00fclermediatorinnen und Sch\u00fclermediatoren gleichaltrigen Kindern und Jugendlichen bei der Vermittlung &hellip;\" \/>\n<meta property=\"og:url\" content=\"https:\/\/www.paul-guenther-schule.de\/index.php\/oberschule\/streitschlichter\/\" \/>\n<meta property=\"og:site_name\" content=\"Oberschule &amp; Grundschule Paul-Guenther Geithain\" \/>\n<meta property=\"article:modified_time\" content=\"2025-04-10T19:13:32+00:00\" \/>\n<meta property=\"og:image\" content=\"https:\/\/www.paul-guenther-schule.de\/wp-content\/uploads\/2024\/02\/Mediatorenteam_Jacke_2024_Pauli.png\" \/>\n\t<meta property=\"og:image:width\" content=\"500\" \/>\n\t<meta property=\"og:image:height\" content=\"546\" \/>\n\t<meta property=\"og:image:type\" content=\"image\/png\" \/>\n<meta name=\"twitter:card\" content=\"summary_large_image\" \/>\n<meta name=\"twitter:label1\" content=\"Gesch\u00e4tzte Lesezeit\" \/>\n\t<meta name=\"twitter:data1\" content=\"2\u00a0Minuten\" \/>\n<script type=\"application\/ld+json\" class=\"yoast-schema-graph\">{\"@context\":\"https:\/\/schema.org\",\"@graph\":[{\"@type\":\"WebPage\",\"@id\":\"https:\/\/www.paul-guenther-schule.de\/index.php\/oberschule\/streitschlichter\/\",\"url\":\"https:\/\/www.paul-guenther-schule.de\/index.php\/oberschule\/streitschlichter\/\",\"name\":\"Mediatorenteam - Oberschule &amp; Grundschule Paul-Guenther Geithain\",\"isPartOf\":{\"@id\":\"https:\/\/www.paul-guenther-schule.de\/#website\"},\"primaryImageOfPage\":{\"@id\":\"https:\/\/www.paul-guenther-schule.de\/index.php\/oberschule\/streitschlichter\/#primaryimage\"},\"image\":{\"@id\":\"https:\/\/www.paul-guenther-schule.de\/index.php\/oberschule\/streitschlichter\/#primaryimage\"},\"thumbnailUrl\":\"https:\/\/www.paul-guenther-schule.de\/wp-content\/uploads\/2024\/02\/Mediatorenteam_Jacke_2024_Pauli-275x300.png\",\"datePublished\":\"2024-01-05T15:24:42+00:00\",\"dateModified\":\"2025-04-10T19:13:32+00:00\",\"breadcrumb\":{\"@id\":\"https:\/\/www.paul-guenther-schule.de\/index.php\/oberschule\/streitschlichter\/#breadcrumb\"},\"inLanguage\":\"de\",\"potentialAction\":[{\"@type\":\"ReadAction\",\"target\":[\"https:\/\/www.paul-guenther-schule.de\/index.php\/oberschule\/streitschlichter\/\"]}]},{\"@type\":\"ImageObject\",\"inLanguage\":\"de\",\"@id\":\"https:\/\/www.paul-guenther-schule.de\/index.php\/oberschule\/streitschlichter\/#primaryimage\",\"url\":\"https:\/\/www.paul-guenther-schule.de\/wp-content\/uploads\/2024\/02\/Mediatorenteam_Jacke_2024_Pauli.png\",\"contentUrl\":\"https:\/\/www.paul-guenther-schule.de\/wp-content\/uploads\/2024\/02\/Mediatorenteam_Jacke_2024_Pauli.png\",\"width\":500,\"height\":546},{\"@type\":\"BreadcrumbList\",\"@id\":\"https:\/\/www.paul-guenther-schule.de\/index.php\/oberschule\/streitschlichter\/#breadcrumb\",\"itemListElement\":[{\"@type\":\"ListItem\",\"position\":1,\"name\":\"Home\",\"item\":\"https:\/\/www.paul-guenther-schule.de\/\"},{\"@type\":\"ListItem\",\"position\":2,\"name\":\"Oberschule\",\"item\":\"https:\/\/www.paul-guenther-schule.de\/index.php\/oberschule\/\"},{\"@type\":\"ListItem\",\"position\":3,\"name\":\"Mediatorenteam\"}]},{\"@type\":\"WebSite\",\"@id\":\"https:\/\/www.paul-guenther-schule.de\/#website\",\"url\":\"https:\/\/www.paul-guenther-schule.de\/\",\"name\":\"Oberschule &amp; Grundschule Paul-Guenther Geithain\",\"description\":\"\",\"publisher\":{\"@id\":\"https:\/\/www.paul-guenther-schule.de\/#organization\"},\"potentialAction\":[{\"@type\":\"SearchAction\",\"target\":{\"@type\":\"EntryPoint\",\"urlTemplate\":\"https:\/\/www.paul-guenther-schule.de\/?s={search_term_string}\"},\"query-input\":{\"@type\":\"PropertyValueSpecification\",\"valueRequired\":true,\"valueName\":\"search_term_string\"}}],\"inLanguage\":\"de\"},{\"@type\":\"Organization\",\"@id\":\"https:\/\/www.paul-guenther-schule.de\/#organization\",\"name\":\"Oberschule &amp; Grundschule Paul-Guenther Geithain\",\"url\":\"https:\/\/www.paul-guenther-schule.de\/\",\"logo\":{\"@type\":\"ImageObject\",\"inLanguage\":\"de\",\"@id\":\"https:\/\/www.paul-guenther-schule.de\/#\/schema\/logo\/image\/\",\"url\":\"https:\/\/www.paul-guenther-schule.de\/wp-content\/uploads\/2024\/01\/cropped-header-pauli-eule-04.png\",\"contentUrl\":\"https:\/\/www.paul-guenther-schule.de\/wp-content\/uploads\/2024\/01\/cropped-header-pauli-eule-04.png\",\"width\":1040,\"height\":294,\"caption\":\"Oberschule &amp; Grundschule Paul-Guenther Geithain\"},\"image\":{\"@id\":\"https:\/\/www.paul-guenther-schule.de\/#\/schema\/logo\/image\/\"}}]}<\/script>\n<!-- \/ Yoast SEO plugin. -->","yoast_head_json":{"title":"Mediatorenteam - Oberschule &amp; Grundschule Paul-Guenther Geithain","robots":{"index":"index","follow":"follow","max-snippet":"max-snippet:-1","max-image-preview":"max-image-preview:large","max-video-preview":"max-video-preview:-1"},"canonical":"https:\/\/www.paul-guenther-schule.de\/index.php\/oberschule\/streitschlichter\/","og_locale":"de_DE","og_type":"article","og_title":"Mediatorenteam - Oberschule &amp; Grundschule Paul-Guenther Geithain","og_description":"Mediatorenteam Das Schulmediatoren-Team der Pauli Was macht das Team? Schaut euch den Film an und erfahrt mehr. Wie wird man Mediator? Das Wort Mediation kommt aus dem Lateinischen und bedeutet in der Mitte sein bzw. vermitteln. Fr\u00fcher bekannt unter dem Namen der Streitschlichter, helfen die Sch\u00fclermediatorinnen und Sch\u00fclermediatoren gleichaltrigen Kindern und Jugendlichen bei der Vermittlung &hellip;","og_url":"https:\/\/www.paul-guenther-schule.de\/index.php\/oberschule\/streitschlichter\/","og_site_name":"Oberschule &amp; Grundschule Paul-Guenther Geithain","article_modified_time":"2025-04-10T19:13:32+00:00","og_image":[{"width":500,"height":546,"url":"https:\/\/www.paul-guenther-schule.de\/wp-content\/uploads\/2024\/02\/Mediatorenteam_Jacke_2024_Pauli.png","type":"image\/png"}],"twitter_card":"summary_large_image","twitter_misc":{"Gesch\u00e4tzte Lesezeit":"2\u00a0Minuten"},"schema":{"@context":"https:\/\/schema.org","@graph":[{"@type":"WebPage","@id":"https:\/\/www.paul-guenther-schule.de\/index.php\/oberschule\/streitschlichter\/","url":"https:\/\/www.paul-guenther-schule.de\/index.php\/oberschule\/streitschlichter\/","name":"Mediatorenteam - Oberschule &amp; Grundschule Paul-Guenther Geithain","isPartOf":{"@id":"https:\/\/www.paul-guenther-schule.de\/#website"},"primaryImageOfPage":{"@id":"https:\/\/www.paul-guenther-schule.de\/index.php\/oberschule\/streitschlichter\/#primaryimage"},"image":{"@id":"https:\/\/www.paul-guenther-schule.de\/index.php\/oberschule\/streitschlichter\/#primaryimage"},"thumbnailUrl":"https:\/\/www.paul-guenther-schule.de\/wp-content\/uploads\/2024\/02\/Mediatorenteam_Jacke_2024_Pauli-275x300.png","datePublished":"2024-01-05T15:24:42+00:00","dateModified":"2025-04-10T19:13:32+00:00","breadcrumb":{"@id":"https:\/\/www.paul-guenther-schule.de\/index.php\/oberschule\/streitschlichter\/#breadcrumb"},"inLanguage":"de","potentialAction":[{"@type":"ReadAction","target":["https:\/\/www.paul-guenther-schule.de\/index.php\/oberschule\/streitschlichter\/"]}]},{"@type":"ImageObject","inLanguage":"de","@id":"https:\/\/www.paul-guenther-schule.de\/index.php\/oberschule\/streitschlichter\/#primaryimage","url":"https:\/\/www.paul-guenther-schule.de\/wp-content\/uploads\/2024\/02\/Mediatorenteam_Jacke_2024_Pauli.png","contentUrl":"https:\/\/www.paul-guenther-schule.de\/wp-content\/uploads\/2024\/02\/Mediatorenteam_Jacke_2024_Pauli.png","width":500,"height":546},{"@type":"BreadcrumbList","@id":"https:\/\/www.paul-guenther-schule.de\/index.php\/oberschule\/streitschlichter\/#breadcrumb","itemListElement":[{"@type":"ListItem","position":1,"name":"Home","item":"https:\/\/www.paul-guenther-schule.de\/"},{"@type":"ListItem","position":2,"name":"Oberschule","item":"https:\/\/www.paul-guenther-schule.de\/index.php\/oberschule\/"},{"@type":"ListItem","position":3,"name":"Mediatorenteam"}]},{"@type":"WebSite","@id":"https:\/\/www.paul-guenther-schule.de\/#website","url":"https:\/\/www.paul-guenther-schule.de\/","name":"Oberschule &amp; Grundschule Paul-Guenther Geithain","description":"","publisher":{"@id":"https:\/\/www.paul-guenther-schule.de\/#organization"},"potentialAction":[{"@type":"SearchAction","target":{"@type":"EntryPoint","urlTemplate":"https:\/\/www.paul-guenther-schule.de\/?s={search_term_string}"},"query-input":{"@type":"PropertyValueSpecification","valueRequired":true,"valueName":"search_term_string"}}],"inLanguage":"de"},{"@type":"Organization","@id":"https:\/\/www.paul-guenther-schule.de\/#organization","name":"Oberschule &amp; Grundschule Paul-Guenther Geithain","url":"https:\/\/www.paul-guenther-schule.de\/","logo":{"@type":"ImageObject","inLanguage":"de","@id":"https:\/\/www.paul-guenther-schule.de\/#\/schema\/logo\/image\/","url":"https:\/\/www.paul-guenther-schule.de\/wp-content\/uploads\/2024\/01\/cropped-header-pauli-eule-04.png","contentUrl":"https:\/\/www.paul-guenther-schule.de\/wp-content\/uploads\/2024\/01\/cropped-header-pauli-eule-04.png","width":1040,"height":294,"caption":"Oberschule &amp; Grundschule Paul-Guenther Geithain"},"image":{"@id":"https:\/\/www.paul-guenther-schule.de\/#\/schema\/logo\/image\/"}}]}},"publishpress_future_action":{"enabled":false,"date":"2026-05-09 09:50:45","action":"change-status","newStatus":"draft","terms":[],"taxonomy":""},"publishpress_future_workflow_manual_trigger":{"enabledWorkflows":[]},"_links":{"self":[{"href":"https:\/\/www.paul-guenther-schule.de\/index.php\/wp-json\/wp\/v2\/pages\/264","targetHints":{"allow":["GET"]}}],"collection":[{"href":"https:\/\/www.paul-guenther-schule.de\/index.php\/wp-json\/wp\/v2\/pages"}],"about":[{"href":"https:\/\/www.paul-guenther-schule.de\/index.php\/wp-json\/wp\/v2\/types\/page"}],"author":[{"embeddable":true,"href":"https:\/\/www.paul-guenther-schule.de\/index.php\/wp-json\/wp\/v2\/users\/1"}],"replies":[{"embeddable":true,"href":"https:\/\/www.paul-guenther-schule.de\/index.php\/wp-json\/wp\/v2\/comments?post=264"}],"version-history":[{"count":14,"href":"https:\/\/www.paul-guenther-schule.de\/index.php\/wp-json\/wp\/v2\/pages\/264\/revisions"}],"predecessor-version":[{"id":1550,"href":"https:\/\/www.paul-guenther-schule.de\/index.php\/wp-json\/wp\/v2\/pages\/264\/revisions\/1550"}],"up":[{"embeddable":true,"href":"https:\/\/www.paul-guenther-schule.de\/index.php\/wp-json\/wp\/v2\/pages\/155"}],"wp:attachment":[{"href":"https:\/\/www.paul-guenther-schule.de\/index.php\/wp-json\/wp\/v2\/media?parent=264"}],"curies":[{"name":"wp","href":"https:\/\/api.w.org\/{rel}","templated":true}]}}